{"version":"1.0","provider_name":"Sz\u00edvdobban\u00e1s","provider_url":"https:\/\/bocsika.cafeblog.hu","author_name":"Elk\u00e9stem","author_url":"https:\/\/bocsika.cafeblog.hu\/author\/elkestem\/","title":"","html":"<div style=\"text-align: center;\"><img style=\"width: 459px; height: 202px;\" src=\"https:\/\/bocsika.cafeblog.hu\/files\/aranyos.gif\" class=\"blogkep\">\n<\/div><div style=\"text-align: center;\"><span style=\"color: rgb(102, 102, 0); font-style: italic;\"><span style=\"font-size: 18px;\">R\u00e9szlet <\/span><\/span><span style=\"color: rgb(102, 102, 0); font-size: 18px;\"><span style=\"color: rgb(255, 51, 0);\">M\u00fcller P\u00e9ter:<\/span><\/span><span style=\"color: rgb(102, 102, 0); font-size: 18px; font-style: italic;\"><span style=\"color: rgb(255, 51, 0);\"><\/span> Bens\u0151 mosoly c\u00edm\u0171 k\u00f6nyv\u00e9b\u0151l<\/span><br style=\"font-style: italic;\"><br style=\"font-style: italic;\"><span style=\"color: rgb(102, 102, 0); font-size: 18px; font-style: italic;\">Vannak karmikus kapcsolatok, amelyekben a sors olyanokat k\u00f6t \u00f6ssze, akiknek m\u00e1s a v\u00e9rm\u00e9rs\u00e9klet\u00fck, a term\u00e9szet\u00fck, s\u0151t lelki fejletts\u00e9g\u00fck sz\u00ednvonala is. De valahol a m\u00e9lyben, a zavaros, boldogtalan felsz\u00edn alatt valami titkos egys\u00e9gtudat, szeretet, vagy \u00f6sszetartoz\u00e1s \u00e9rz\u00e9s m\u00e9gis m\u0171k\u00f6dik! Ezt v\u00e9tek megbontani! (...) <\/span><br style=\"font-style: italic;\"><span style=\"color: rgb(102, 102, 0); font-size: 18px; font-style: italic;\">Ezt az \u00f6sszetartoz\u00e1st nem az d\u00f6nti el, hogy mif\u00e9le veszedelmes dr\u00e1m\u00e1kat \u00e9lnek \u00e1t, nem is a templomi \u00f6r\u00f6k h\u0171s\u00e9g Isten el\u0151tt - hanem az, hogy minden visz\u00e1ly ellen\u00e9re a fejlettebb, \u00e9rz\u00e9kenyebb l\u00e9lek felemeli-e boldogtalan, elvadult t\u00e1rs\u00e1t, avagy az h\u00fazza le \u0151t a saj\u00e1t pokl\u00e1nak sz\u00ednvonal\u00e1ra. <\/span><br style=\"font-style: italic;\"><span style=\"color: rgb(102, 102, 0); font-size: 18px; font-style: italic;\">Ha ut\u00f3bbi: azonnal v\u00e1lni kell. <\/span><br style=\"font-style: italic;\"><span style=\"color: rgb(102, 102, 0); font-size: 18px; font-style: italic;\">Ha az el\u0151bbi: maradni, s v\u00e1llalni minden keserves \u00e1ldozatot. <\/span><br style=\"font-style: italic;\"><span style=\"color: rgb(102, 102, 0); font-size: 18px; font-style: italic;\">Ez az \u00c9N mor\u00e1lja. <\/span><br style=\"font-style: italic;\"><span style=\"color: rgb(102, 102, 0); font-size: 18px; font-style: italic;\">Semmi k\u00f6ze f\u00e9lelemhez, brutalit\u00e1shoz, b\u00e1rmif\u00e9le t\u00e1rsadalmi vagy vall\u00e1sos el\u0151\u00edr\u00e1shoz. <\/span><br style=\"font-style: italic;\"><span style=\"color: rgb(102, 102, 0); font-size: 18px; font-style: italic;\">Minden \u00fat \"erk\u00f6lcs\u00f6s\", amelyik f\u00f6lfel\u00e9 vezet. <\/span><br style=\"font-style: italic;\"><span style=\"color: rgb(102, 102, 0); font-size: 18px; font-style: italic;\">S \"erk\u00f6lcstelen\", ha a m\u00e9lys\u00e9gbe visz.<br><br><\/span><img src=\"https:\/\/bocsika.cafeblog.hu\/files\/ev99.gif\" class=\"blogkep\"><br><\/div>","type":"rich"}

Szívdobbanás

Elkéstem

<div style="text-align: center;"><img style="width: 459px; height: 202px;" src="https://bocsika.cafeblog.hu/files/aranyos.gif" class="blogkep">
</div><div style="text-align: center;"><span style="color: rgb(102, 102, 0); font-style: italic;"><span style="font-size: 18px;">Részlet </span></span><span style="color: rgb(102, 102, 0); font-size: 18px;"><span style="color: rgb(255, 51, 0);">Müller Péter:</span></span><span style="color: rgb(102, 102, 0); font-size: 18px; font-style: italic;"><span style="color: rgb(255, 51, 0);"></span> Benső mosoly című könyvéből</span><br style="font-style: italic;"><br style="font-style: italic;"><span style="color: rgb(102, 102, 0); font-size: 18px; font-style: italic;">Vannak karmikus kapcsolatok, amelyekben a sors olyanokat köt össze, akiknek más a vérmérsékletük, a természetük, sőt lelki fejlettségük színvonala is. De valahol a mélyben, a zavaros, boldogtalan felszín alatt valami titkos egységtudat, szeretet, vagy összetartozás érzés mégis működik! Ezt vétek megbontani! (...) </span><br style="font-style: italic;"><span style="color: rgb(102, 102, 0); font-size: 18px; font-style: italic;">Ezt az összetartozást nem az dönti el, hogy miféle veszedelmes drámákat élnek át, nem is a templomi örök hűség Isten előtt - hanem az, hogy minden viszály ellenére a fejlettebb, érzékenyebb lélek felemeli-e boldogtalan, elvadult társát, avagy az húzza le őt a saját poklának színvonalára. </span><br style="font-style: italic;"><span style="color: rgb(102, 102, 0); font-size: 18px; font-style: italic;">Ha utóbbi: azonnal válni kell. </span><br style="font-style: italic;"><span style="color: rgb(102, 102, 0); font-size: 18px; font-style: italic;">Ha az előbbi: maradni, s vállalni minden keserves áldozatot. </span><br style="font-style: italic;"><span style="color: rgb(102, 102, 0); font-size: 18px; font-style: italic;">Ez az ÉN morálja. </span><br style="font-style: italic;"><span style="color: rgb(102, 102, 0); font-size: 18px; font-style: italic;">Semmi köze félelemhez, brutalitáshoz, bármiféle társadalmi vagy vallásos előíráshoz. </span><br style="font-style: italic;"><span style="color: rgb(102, 102, 0); font-size: 18px; font-style: italic;">Minden út "erkölcsös", amelyik fölfelé vezet. </span><br style="font-style: italic;"><span style="color: rgb(102, 102, 0); font-size: 18px; font-style: italic;">S "erkölcstelen", ha a mélységbe visz.<br><br></span><img src="https://bocsika.cafeblog.hu/files/ev99.gif" class="blogkep"><br></div>
